28))*-1 is divided by w(f)?
4
Suppose -v = -112 + 110. Suppose -j + 32 = v*f - 7, 5*j + f - 222 = 0. What is the remainder when 176 is divided by j?
41
Let g = -136 + 142. Calculate the remainder when g/(84/75 + -1) is divided by 20.
10
Suppose 0 = -3*v - s - 171, 3*v + 2*s + 138 + 33 = 0. Let i = v - -81. Suppose 5*g - 18 = -2*d, -d + 3*g + 0 = -9. What is the remainder when i is divided by d?
6
Suppose 0 = 3*b + 1 - 25. Let y be 1*(45 - 4 - -1). Suppose 9 = -t - f + 27, 3*t = f + y. Calculate the remainder when t is divided by b.
7
Let n(u) = -5*u - 18. Suppose -5*z + 7*z - 5*v - 147 = 0, 0 = 2*z + 3*v - 107. Calculate the remainder when z is divided by n(-7).
10
Let t(v) = 5*v**2 + 2*v + 3. Let m(n) = -2*n**3 - 3*n**2 + 2*n + 16. What is the remainder when t(-4) is divided by m(0)?
11
Let c be (8/6)/((-2)/(-3)). Let t = -1 + 5. Calculate the remainder when 39 is divided by (3 - c) + t + 5.
9
Suppose -15*k + 342 = 4*k. What is the remainder when 0 - (0 + -51 - 0) is divided by k?
15
Suppose 4 - 31 = -9*p. What is the remainder when 20 is divided by p?
2
Suppose 3*s + 40*z - 45*z = 35, -26 = -2*s + 2*z. Suppose -j - 49 = -3*h - 0*j, h + 3*j - 3 = 0. Calculate the remainder when h is divided by s.
0
What is the remainder when 139 is divided by 17 + 1 - 0/(-90)?
13
Suppose 0 = b - 6*b + 5*c + 25, -b = -2*c - 1. Let o = b + 2. Let y = 121 - 89. Calculate the remainder when y is divided by o.
10
Suppose -3*r = 28*n - 30*n + 78, 0 = 5*n - 5*r - 180. Let h(v) = 2*v**2 - 4*v + 5. Calculate the remainder when n is divided by h(4).
9
Suppose 8 = 2*n, -n - 2*n + 6 = k. Let o = k + 81. What is the remainder when o is divided by 16?
11
Let q(a) = a**3 + 7*a**2 + 6*a + 12. Let p be q(-7). Let i = p - -38. What is the remainder when 38 is divided by i?
6
Suppose 186 = z + 139. Calculate the remainder when 422 is divided by z.
46
What is the remainder when 183 - ((-79)/(-79))/(2/(-8)) is divided by 8?
3
Let d(a) = -a + 40 - 8 - a. What is the remainder when 38 is divided by d(13)?
2
Suppose f - 515 = -392. What is the remainder when f is divided by 18?
15
Let k(s) = -2*s - 12. Let c be 8/(-56)*0 + (-1 - 10). Calculate the remainder when 17 is divided by k(c).
7
Let y(v) be the first derivative of -v**5/24 - 4*v**3/3 - 1. Let r(p) be the third derivative of y(p). Calculate the remainder when r(-1) is divided by 3.
2
Let y be ((-8)/10)/((-6)/15). Let f(c) = -4*c**3 + 44*c**2 - 3*c + 51. What is the remainder when f(11) is divided by (1/2)/(y/20)?
3
Let z = 1377 + -1337. What is the remainder when 271 is divided by z?
31
Let c(d) = 6*d + 75. Let k be c(-12). What is the remainder when -5*(13/5 - k) + 157 is divided by 23?
21
Suppose -19*q + 962 = 18*q. What is the remainder when 44 is divided by q?
18
Let h(c) = -c**3 - 12*c**2 - 29*c + 44. Calculate the remainder when 63 is divided by h(-8).
3
Let o(k) = 2*k + 23. Let g = 25 - 17. What is the remainder when o(g) is divided by 10?
9
Suppose 0 = -19*i + 1283 + 237. What is the remainder when i is divided by 59?
21
Let i = 2 + -7. Let j = i + 7. Suppose j*c + 4*c - 60 = 0. Calculate the remainder when c is divided by 6.
4
Let g(w) be the second derivative of 3/2*w**4 - w**2 + 0 - 1/2*w**3 + 8*w. What is the remainder when g(-1) is divided by 7?
5
Let p(b) = 3*b**2 - 99*b + 30. Calculate the remainder when p(36) is divided by 89.
87
Let a(r) = 19*r - 21. What is the remainder when a(20) is divided by 40?
39
Let w(v) = 6*v + 22. What is the remainder when 65 is divided by w(2)?
31
Let q(u) = -u**3 + 6*u**2 - u - 3. Suppose x - 37 = -3*p + 40, 4*p - 5*x - 109 = 0. What is the remainder when p is divided by q(5)?
9
Suppose -97*u + 3024 = -34*u. What is the remainder when 78 is divided by u?
30
Let p = 37 - 27. Let b(o) = -o**2 + 11*o + 10. What is the remainder when b(p) is divided by 8?
4
Let f(j) = 6*j - 6. Let o be f(3). Let g = 14 - o. Suppose -23 = -g*r + 63. Calculate the remainder when r is divided by 9.
7
Suppose 4*l - 5*x + 8*x = 521, -5*l + x + 637 = 0. Calculate the remainder when 379 is divided by l.
123
What is the remainder when (-60)/24*(-1776)/20 is divided by 57?
51
Let h be (6/((-24)/(-20)))/1. Let s(j) = 3*j**2 + 6*j - 7. What is the remainder when s(h) is divided by 20?
18
Let q(p) = -27*p - 88. What is the remainder when 58 is divided by q(-4)?
18
Let x = 9 - 4. Let p = -8 + 6. What is the remainder when (14 - -3) + 4 + p is divided by x?
4
Let f = 2 + -3. Let k = 206 + -175. Calculate the remainder when 1/((-122)/(-121) + f) is divided by k.
28
Suppose -4*v - 260 = -3*g, g - 5*v + 135 = 3*g. Suppose 4*w = 5*c + g, 3*w - 2*c - 60 = -0*w. Calculate the remainder when 58 is divided by w.
18
Let p be (-3)/6*2 + -27. Calculate the remainder when 199/2 + 42/p is divided by 25.
23
Suppose 9*v - 32 = 13. Suppose -v*z + 0*z + 335 = 0. Calculate the remainder when z is divided by 23.
21
Calculate the remainder when 9 + (-13740)/(-24) + 1/2 is divided by 15.
12
Let b(i) = i**2 - 7*i + 7. Let z(c) = -3*c - 18. Let j be z(-7). Suppose -3*m - 5*o + j = -2*o, 0 = -2*o. What is the remainder when m is divided by b(6)?
0
Suppose -5*h - 231 + 51 = -5*y, -4*y + 108 = 5*h. Let x(o) = -o**2 - 2*o + 2*o**2 - 2 + 1 + 3*o. What is the remainder when y is divided by x(-4)?
10
Suppose -t + 5*m - 14 = -0*t, 3*t + 2*m = 26. Calculate the remainder when (-7 - (-178)/14)*(-28)/(-8) is divided by -6*(t/2)/(-3).
2
Let o(q) = 6*q + 20. What is the remainder when o(4) is divided by 9?
8
Let p = -15 + 61. What is the remainder when p is divided by 1/(-11)*2 - 189/(-11)?
12
Let i = -9 + 34. Calculate the remainder when -2*9/3 + (99 - 19) is divided by i.
24
Suppose -2*s + 43 = 2*z - 5*s, 0 = 5*z + 4*s - 50. Let h = 129 + -76. What is the remainder when h is divided by z?
11
Suppose -k + 2*y = -52, 0 = -4*y - 3 - 13. What is the remainder when k is divided by (-54)/(-189) - (-62)/28*8?
8
Suppose 0 = -3*b - q + 12, 2*b - 5*b = -4*q + 3. Suppose -2*r - 5*k = 6, b*k - 23 = -3*r - 2*r. What is the remainder when 19 is divided by r?
5
Let x(k) = -k**3 - 2*k**2 - 12*k - 18. Calculate the remainder when x(-5) is divided by 20.
17
Suppose 41 + 10 = 3*c. Let o = -25 - -35. What is the remainder when c is divided by o?
7
Let c(p) = p**2 - 3*p. Let t(s) = -2*s**3 - 40*s**2 - 21*s + 353. What is the remainder when t(-19) is divided by c(4)?
2
Suppose -74 = -5*w + 51. Let k = w - 15. Calculate the remainder when k is divided by 4.
2
Let p = -219 - -257. Calculate the remainder when p is divided by 22.
16
Suppose 0 = -2*y - 18 + 22. Let q(m) = 21*m - 14. Calculate the remainder when q(y) is divided by 11.
6
Let n = 293 - 241. Calculate the remainder when n is divided by 8.
4
Suppose 300 = 8*n - 2*n. What is the remainder when n is divided by 17?
16
Suppose 33 = -5*s + 823. What is the remainder when s is divided by 32?
30
Suppose -2*y - m + 4 = 0, 3*y + 5 - 1 = -4*m. Suppose -q - 5*a = -66, 6*a - 249 = -y*q + a. Calculate the remainder when q is divided by 16.
13
Suppose -17 = -3*p + 2*h + 16, h + 10 = p. Let v be 4/(-6)*(1 - 88). Let d = v + -35. Calculate the remainder when d is divided by p.
10
Let j(d) = 5*d**2 - 12*d - 18. What is the remainder when j(-5) is divided by 57?
53
Let h = -11 - -30. Calculate the remainder when h is divided by 51/(204/88)*(-1)/(-2).
8
Let h = 58 - 39. Suppose -10*r = -h - 311. Calculate the remainder when 196 is divided by r.
31
Calculate the remainder when 647 is divided by 12*(3 - (-10)/(-4)).
5
Suppose -p + 128 = -0*b - 2*b, -10 = 2*b. Calculate the remainder when p is divided by 6.
4
Let o(m) = 2*m**3 - 13*m**2 + 8*m + 16. What is the remainder when o(7) is divided by 34?
19
Let h(o) = 6*o**2 + 17*o + 14. What is the remainder when h(-9) is divided by 70?
67
Let o be ((-22)/(-8))/1 + 25/100. Suppose 0*m = o*m - 39. Calculate the remainder when 25 is divided by m.
12
Let v = 2 + 1. Suppose y = 4*h + 3*y - 20, 20 = 4*h + 5*y. Let x = 10 - h. What is the remainder when x is divided by v?
2
Calculate the remainder when 2 is divided by -1 + (-22)/(-6) - (-12)/(-18).
0
Let p(i) = i - 13. Calculate the remainder when 30 is divided by p(24).
8
Calculate the remainder when 27 is divided by 3/2*((-1938)/9)/(-17).
8
Let s(w) = 3*w**2 - 10*w + 4. Calculate the remainder when s(7) is divided by 22.
15
Suppose -3*i 